{"id":22,"date":"2026-07-30T09:32:45","date_gmt":"2026-07-30T09:32:45","guid":{"rendered":"http:\/\/fmrskli.cluster129.hosting.ovh.net\/?page_id=22"},"modified":"2026-08-27T15:08:47","modified_gmt":"2026-08-27T15:08:47","slug":"le-theatre-et-vous","status":"publish","type":"page","link":"https:\/\/lelocaldesautrices.fr\/index.php\/le-theatre-et-vous\/","title":{"rendered":"Louer le th\u00e9\u00e2tre"},"content":{"rendered":"\t\t<div data-elementor-type=\"wp-page\" data-elementor-id=\"22\" class=\"elementor elementor-22\">\n\t\t\t\t<div class=\"elementor-element elementor-element-5e0cefd e-flex e-con-boxed e-con e-parent\" data-id=\"5e0cefd\" data-element_type=\"container\" data-e-type=\"container\">\n\t\t\t\t\t<div class=\"e-con-inner\">\n\t\t\t\t<div class=\"elementor-element elementor-element-cf15e71 elementor-widget elementor-widget-heading\" data-id=\"cf15e71\" data-element_type=\"widget\" data-e-type=\"widget\" data-widget_type=\"heading.default\">\n\t\t\t\t\t<h2 class=\"elementor-heading-title elementor-size-default\">Louer le th\u00e9\u00e2tre<\/h2>\t\t\t\t<\/div>\n\t\t\t\t\t<\/div>\n\t\t\t\t<\/div>\n\t\t<div class=\"elementor-element elementor-element-3e5eda2 e-flex e-con-boxed e-con e-parent\" data-id=\"3e5eda2\" data-element_type=\"container\" data-e-type=\"container\">\n\t\t\t\t\t<div class=\"e-con-inner\">\n\t\t<div class=\"elementor-element elementor-element-c10b4df e-con-full e-flex e-con e-child\" data-id=\"c10b4df\" data-element_type=\"container\" data-e-type=\"container\">\n\t\t\t\t<div class=\"elementor-element elementor-element-d73e4cb elementor-widget elementor-widget-text-editor\" data-id=\"d73e4cb\" data-element_type=\"widget\" data-e-type=\"widget\" data-widget_type=\"text-editor.default\">\n\t\t\t\t\t\t\t\t\t<p class=\"x_gmail-isSelectedEnd\" data-olk-copy-source=\"MessageBody\">Le\u00a0<strong>Local des Autrices<\/strong> est un lieu d\u00e9di\u00e9 \u00e0 la cr\u00e9ation, \u00e0 la recherche et \u00e0 la diffusion des \u00e9critures contemporaines. Nous accueillons des compagnies, des artistes et des \u00e9quipes artistiques qui souhaitent pr\u00e9senter leur travail ou b\u00e9n\u00e9ficier d&rsquo;un espace de r\u00e9p\u00e9tition dans un cadre convivial et professionnel. Que ce soit pour une repr\u00e9sentation, une lecture ou un temps de cr\u00e9ation, nous mettons notre th\u00e9\u00e2tre \u00e0 votre disposition, dans la mesure de nos disponibilit\u00e9s.<\/p>\t\t\t\t\t\t\t\t<\/div>\n\t\t\t\t<div class=\"elementor-element elementor-element-812a7fc elementor-widget-divider--view-line elementor-widget elementor-widget-divider\" data-id=\"812a7fc\" data-element_type=\"widget\" data-e-type=\"widget\" data-widget_type=\"divider.default\">\n\t\t\t\t\t\t\t<div class=\"elementor-divider\">\n\t\t\t<span class=\"elementor-divider-separator\">\n\t\t\t\t\t\t<\/span>\n\t\t<\/div>\n\t\t\t\t\t\t<\/div>\n\t\t<div class=\"elementor-element elementor-element-30b0a7e e-con-full e-flex e-con e-child\" data-id=\"30b0a7e\" data-element_type=\"container\" data-e-type=\"container\">\n\t\t<div class=\"elementor-element elementor-element-7474286 e-con-full e-flex e-con e-child\" data-id=\"7474286\" data-element_type=\"container\" data-e-type=\"container\">\n\t\t\t\t<div class=\"elementor-element elementor-element-07d4a90 elementor-widget elementor-widget-text-editor\" data-id=\"07d4a90\" data-element_type=\"widget\" data-e-type=\"widget\" data-widget_type=\"text-editor.default\">\n\t\t\t\t\t\t\t\t\t<p><span data-olk-copy-source=\"MessageBody\">Lectures<\/span><\/p>\t\t\t\t\t\t\t\t<\/div>\n\t\t\t\t<div class=\"elementor-element elementor-element-09be09a elementor-widget elementor-widget-text-editor\" data-id=\"09be09a\" data-element_type=\"widget\" data-e-type=\"widget\" data-widget_type=\"text-editor.default\">\n\t\t\t\t\t\t\t\t\t<p>\u2022 <strong>350 \u20ac<\/strong>\u00a0: mise \u00e0 disposition du th\u00e9\u00e2tre\u00a0<strong>sans r\u00e9gisseuse<br \/><\/strong>\u2022 <strong>500 \u20ac<\/strong>\u00a0: mise \u00e0 disposition du th\u00e9\u00e2tre\u00a0<strong>avec r\u00e9gisseuse<\/strong><\/p>\t\t\t\t\t\t\t\t<\/div>\n\t\t\t\t<div class=\"elementor-element elementor-element-c7aaaf8 elementor-widget elementor-widget-text-editor\" data-id=\"c7aaaf8\" data-element_type=\"widget\" data-e-type=\"widget\" data-widget_type=\"text-editor.default\">\n\t\t\t\t\t\t\t\t\t<p data-olk-copy-source=\"MessageBody\"><span data-olk-copy-source=\"MessageBody\">Repr\u00e9sentations<\/span><\/p>\t\t\t\t\t\t\t\t<\/div>\n\t\t\t\t<div class=\"elementor-element elementor-element-29d573d elementor-widget elementor-widget-text-editor\" data-id=\"29d573d\" data-element_type=\"widget\" data-e-type=\"widget\" data-widget_type=\"text-editor.default\">\n\t\t\t\t\t\t\t\t\t<p>\u2022 <strong>200 \u20ac<\/strong>\u00a0: lecture\u00a0<strong>avec r\u00e9gie<\/strong><\/p>\t\t\t\t\t\t\t\t<\/div>\n\t\t\t\t<\/div>\n\t\t<div class=\"elementor-element elementor-element-841429e e-con-full e-flex e-con e-child\" data-id=\"841429e\" data-element_type=\"container\" data-e-type=\"container\">\n\t\t\t\t<div class=\"elementor-element elementor-element-8d4f470 elementor-widget elementor-widget-text-editor\" data-id=\"8d4f470\" data-element_type=\"widget\" data-e-type=\"widget\" data-widget_type=\"text-editor.default\">\n\t\t\t\t\t\t\t\t\t<p class=\"p2\"><span data-olk-copy-source=\"MessageBody\">R\u00e9p\u00e9titions<\/span><\/p>\t\t\t\t\t\t\t\t<\/div>\n\t\t\t\t<div class=\"elementor-element elementor-element-3a793dc elementor-widget elementor-widget-text-editor\" data-id=\"3a793dc\" data-element_type=\"widget\" data-e-type=\"widget\" data-widget_type=\"text-editor.default\">\n\t\t\t\t\t\t\t\t\t<p>\u2022 <strong data-olk-copy-source=\"MessageBody\">150 \u20ac<\/strong>\u00a0: journ\u00e9e de r\u00e9p\u00e9tition\u00a0<strong>sans r\u00e9gie<br \/><\/strong>\u2022 <strong>Tarif d\u00e9gressif<\/strong>\u00a0\u00e0 partir de\u00a0<strong>6 journ\u00e9es<\/strong>\u00a0r\u00e9serv\u00e9es.<\/p>\t\t\t\t\t\t\t\t<\/div>\n\t\t\t\t<\/div>\n\t\t\t\t<\/div>\n\t\t\t\t<div class=\"elementor-element elementor-element-0bc32ee elementor-widget-divider--view-line elementor-widget elementor-widget-divider\" data-id=\"0bc32ee\" data-element_type=\"widget\" data-e-type=\"widget\" data-widget_type=\"divider.default\">\n\t\t\t\t\t\t\t<div class=\"elementor-divider\">\n\t\t\t<span class=\"elementor-divider-separator\">\n\t\t\t\t\t\t<\/span>\n\t\t<\/div>\n\t\t\t\t\t\t<\/div>\n\t\t\t\t<div class=\"elementor-element elementor-element-0efd872 elementor-widget elementor-widget-text-editor\" data-id=\"0efd872\" data-element_type=\"widget\" data-e-type=\"widget\" data-widget_type=\"text-editor.default\">\n\t\t\t\t\t\t\t\t\t<p class=\"x_gmail-isSelectedEnd\" data-olk-copy-source=\"MessageBody\">Chaque projet est diff\u00e9rent. N&rsquo;h\u00e9sitez pas \u00e0 nous contacter pour \u00e9changer sur vos besoins techniques, les disponibilit\u00e9s du th\u00e9\u00e2tre et les conditions d&rsquo;accueil.<\/p><p>Merci de nous pr\u00e9ciser :<br \/>\u2022 les dates souhait\u00e9es ;<br \/>\u2022 la nature de votre projet (repr\u00e9sentation, lecture, r\u00e9p\u00e9tition\u2026) ;<br \/>\u2022 vos besoins techniques \u00e9ventuels.<\/p><p>Nous serons heureux\u00b7ses d&rsquo;\u00e9tudier avec vous les possibilit\u00e9s d&rsquo;accueil de votre projet au Local des Autrices.<\/p>\t\t\t\t\t\t\t\t<\/div>\n\t\t\t\t<\/div>\n\t\t\t\t\t<\/div>\n\t\t\t\t<\/div>\n\t\t<div class=\"elementor-element elementor-element-fdb9b0e e-con-full e-flex e-con e-parent\" data-id=\"fdb9b0e\" data-element_type=\"container\" data-e-type=\"container\" data-settings=\"{&quot;background_background&quot;:&quot;classic&quot;}\">\n\t\t\t\t<div class=\"elementor-element elementor-element-ed308ae elementor-widget elementor-widget-heading\" data-id=\"ed308ae\" data-element_type=\"widget\" data-e-type=\"widget\" data-widget_type=\"heading.default\">\n\t\t\t\t\t<h2 class=\"elementor-heading-title elementor-size-default\"><a href=\"http:\/\/lelocaldesautrices@gmail.com\" target=\"_blank\">Accueillir votre projet<\/a><\/h2>\t\t\t\t<\/div>\n\t\t\t\t<\/div>\n\t\t<div class=\"elementor-element elementor-element-f1c8010 e-flex e-con-boxed e-con e-parent\" data-id=\"f1c8010\" data-element_type=\"container\" data-e-type=\"container\">\n\t\t\t\t\t<div class=\"e-con-inner\">\n\t\t\t\t<div class=\"elementor-element elementor-element-8e57904 elementor-widget elementor-widget-spacer\" data-id=\"8e57904\" data-element_type=\"widget\" data-e-type=\"widget\" data-widget_type=\"spacer.default\">\n\t\t\t\t\t\t\t<div class=\"elementor-spacer\">\n\t\t\t<div class=\"elementor-spacer-inner\"><\/div>\n\t\t<\/div>\n\t\t\t\t\t\t<\/div>\n\t\t\t\t\t<\/div>\n\t\t\t\t<\/div>\n\t\t\t\t<\/div>\n\t\t","protected":false},"excerpt":{"rendered":"<p>Louer le th\u00e9\u00e2tre Le\u00a0Local des Autrices est un lieu d\u00e9di\u00e9 \u00e0 la cr\u00e9ation, \u00e0 la recherche et \u00e0 la diffusion des \u00e9critures contemporaines. Nous accueillons des compagnies, des artistes et des \u00e9quipes artistiques qui souhaitent pr\u00e9senter leur travail ou b\u00e9n\u00e9ficier d&rsquo;un espace de r\u00e9p\u00e9tition dans un cadre convivial et professionnel. Que ce soit pour une [&hellip;]<\/p>\n","protected":false},"author":1,"featured_media":0,"parent":0,"menu_order":0,"comment_status":"closed","ping_status":"closed","template":"elementor_header_footer","meta":{"footnotes":""},"class_list":["post-22","page","type-page","status-publish","hentry"],"_links":{"self":[{"href":"https:\/\/lelocaldesautrices.fr\/index.php\/wp-json\/wp\/v2\/pages\/22","targetHints":{"allow":["GET"]}}],"collection":[{"href":"https:\/\/lelocaldesautrices.fr\/index.php\/wp-json\/wp\/v2\/pages"}],"about":[{"href":"https:\/\/lelocaldesautrices.fr\/index.php\/wp-json\/wp\/v2\/types\/page"}],"author":[{"embeddable":true,"href":"https:\/\/lelocaldesautrices.fr\/index.php\/wp-json\/wp\/v2\/users\/1"}],"replies":[{"embeddable":true,"href":"https:\/\/lelocaldesautrices.fr\/index.php\/wp-json\/wp\/v2\/comments?post=22"}],"version-history":[{"count":275,"href":"https:\/\/lelocaldesautrices.fr\/index.php\/wp-json\/wp\/v2\/pages\/22\/revisions"}],"predecessor-version":[{"id":2914,"href":"https:\/\/lelocaldesautrices.fr\/index.php\/wp-json\/wp\/v2\/pages\/22\/revisions\/2914"}],"wp:attachment":[{"href":"https:\/\/lelocaldesautrices.fr\/index.php\/wp-json\/wp\/v2\/media?parent=22"}],"curies":[{"name":"wp","href":"https:\/\/api.w.org\/{rel}","templated":true}]}}

Louer le théâtre

<div data-elementor-type="wp-page" data-elementor-id="22" class="elementor elementor-22">
				<div class="elementor-element elementor-element-5e0cefd e-flex e-con-boxed e-con e-parent" data-id="5e0cefd" data-element_type="container" data-e-type="container">
					<div class="e-con-inner">
				<div class="elementor-element elementor-element-cf15e71 elementor-widget elementor-widget-heading" data-id="cf15e71" data-element_type="widget" data-e-type="widget" data-widget_type="heading.default">
					<h2 class="elementor-heading-title elementor-size-default">Louer le théâtre</h2>				</div>
					</div>
				</div>
		<div class="elementor-element elementor-element-3e5eda2 e-flex e-con-boxed e-con e-parent" data-id="3e5eda2" data-element_type="container" data-e-type="container">
					<div class="e-con-inner">
		<div class="elementor-element elementor-element-c10b4df e-con-full e-flex e-con e-child" data-id="c10b4df" data-element_type="container" data-e-type="container">
				<div class="elementor-element elementor-element-d73e4cb elementor-widget elementor-widget-text-editor" data-id="d73e4cb" data-element_type="widget" data-e-type="widget" data-widget_type="text-editor.default">
									<p class="x_gmail-isSelectedEnd" data-olk-copy-source="MessageBody">Le <strong>Local des Autrices</strong> est un lieu dédié à la création, à la recherche et à la diffusion des écritures contemporaines. Nous accueillons des compagnies, des artistes et des équipes artistiques qui souhaitent présenter leur travail ou bénéficier d&rsquo;un espace de répétition dans un cadre convivial et professionnel. Que ce soit pour une représentation, une lecture ou un temps de création, nous mettons notre théâtre à votre disposition, dans la mesure de nos disponibilités.</p>								</div>
				<div class="elementor-element elementor-element-812a7fc elementor-widget-divider--view-line elementor-widget elementor-widget-divider" data-id="812a7fc" data-element_type="widget" data-e-type="widget" data-widget_type="divider.default">
							<div class="elementor-divider">
			<span class="elementor-divider-separator">
						</span>
		</div>
						</div>
		<div class="elementor-element elementor-element-30b0a7e e-con-full e-flex e-con e-child" data-id="30b0a7e" data-element_type="container" data-e-type="container">
		<div class="elementor-element elementor-element-7474286 e-con-full e-flex e-con e-child" data-id="7474286" data-element_type="container" data-e-type="container">
				<div class="elementor-element elementor-element-07d4a90 elementor-widget elementor-widget-text-editor" data-id="07d4a90" data-element_type="widget" data-e-type="widget" data-widget_type="text-editor.default">
									<p><span data-olk-copy-source="MessageBody">Lectures</span></p>								</div>
				<div class="elementor-element elementor-element-09be09a elementor-widget elementor-widget-text-editor" data-id="09be09a" data-element_type="widget" data-e-type="widget" data-widget_type="text-editor.default">
									<p>• <strong>350 €</strong> : mise à disposition du théâtre <strong>sans régisseuse<br /></strong>• <strong>500 €</strong> : mise à disposition du théâtre <strong>avec régisseuse</strong></p>								</div>
				<div class="elementor-element elementor-element-c7aaaf8 elementor-widget elementor-widget-text-editor" data-id="c7aaaf8" data-element_type="widget" data-e-type="widget" data-widget_type="text-editor.default">
									<p data-olk-copy-source="MessageBody"><span data-olk-copy-source="MessageBody">Représentations</span></p>								</div>
				<div class="elementor-element elementor-element-29d573d elementor-widget elementor-widget-text-editor" data-id="29d573d" data-element_type="widget" data-e-type="widget" data-widget_type="text-editor.default">
									<p>• <strong>200 €</strong> : lecture <strong>avec régie</strong></p>								</div>
				</div>
		<div class="elementor-element elementor-element-841429e e-con-full e-flex e-con e-child" data-id="841429e" data-element_type="container" data-e-type="container">
				<div class="elementor-element elementor-element-8d4f470 elementor-widget elementor-widget-text-editor" data-id="8d4f470" data-element_type="widget" data-e-type="widget" data-widget_type="text-editor.default">
									<p class="p2"><span data-olk-copy-source="MessageBody">Répétitions</span></p>								</div>
				<div class="elementor-element elementor-element-3a793dc elementor-widget elementor-widget-text-editor" data-id="3a793dc" data-element_type="widget" data-e-type="widget" data-widget_type="text-editor.default">
									<p>• <strong data-olk-copy-source="MessageBody">150 €</strong> : journée de répétition <strong>sans régie<br /></strong>• <strong>Tarif dégressif</strong> à partir de <strong>6 journées</strong> réservées.</p>								</div>
				</div>
				</div>
				<div class="elementor-element elementor-element-0bc32ee elementor-widget-divider--view-line elementor-widget elementor-widget-divider" data-id="0bc32ee" data-element_type="widget" data-e-type="widget" data-widget_type="divider.default">
							<div class="elementor-divider">
			<span class="elementor-divider-separator">
						</span>
		</div>
						</div>
				<div class="elementor-element elementor-element-0efd872 elementor-widget elementor-widget-text-editor" data-id="0efd872" data-element_type="widget" data-e-type="widget" data-widget_type="text-editor.default">
									<p class="x_gmail-isSelectedEnd" data-olk-copy-source="MessageBody">Chaque projet est différent. N&rsquo;hésitez pas à nous contacter pour échanger sur vos besoins techniques, les disponibilités du théâtre et les conditions d&rsquo;accueil.</p><p>Merci de nous préciser :<br />• les dates souhaitées ;<br />• la nature de votre projet (représentation, lecture, répétition…) ;<br />• vos besoins techniques éventuels.</p><p>Nous serons heureux·ses d&rsquo;étudier avec vous les possibilités d&rsquo;accueil de votre projet au Local des Autrices.</p>								</div>
				</div>
					</div>
				</div>
		<div class="elementor-element elementor-element-fdb9b0e e-con-full e-flex e-con e-parent" data-id="fdb9b0e" data-element_type="container" data-e-type="container" data-settings="{&quot;background_background&quot;:&quot;classic&quot;}">
				<div class="elementor-element elementor-element-ed308ae elementor-widget elementor-widget-heading" data-id="ed308ae" data-element_type="widget" data-e-type="widget" data-widget_type="heading.default">
					<h2 class="elementor-heading-title elementor-size-default"><a href="http://lelocaldesautrices@gmail.com" target="_blank">Accueillir votre projet</a></h2>				</div>
				</div>
		<div class="elementor-element elementor-element-f1c8010 e-flex e-con-boxed e-con e-parent" data-id="f1c8010" data-element_type="container" data-e-type="container">
					<div class="e-con-inner">
				<div class="elementor-element elementor-element-8e57904 elementor-widget elementor-widget-spacer" data-id="8e57904" data-element_type="widget" data-e-type="widget" data-widget_type="spacer.default">
							<div class="elementor-spacer">
			<div class="elementor-spacer-inner"></div>
		</div>
						</div>
					</div>
				</div>
				</div>

<p>Louer le théâtre Le Local des Autrices est un lieu dédié à la création, à la recherche et à la diffusion des écritures contemporaines. Nous accueillons des compagnies, des artistes et des équipes artistiques qui souhaitent présenter leur travail ou bénéficier d&rsquo;un espace de répétition dans un cadre convivial et professionnel. Que ce soit pour une [&hellip;]</p>
