{"id":2822,"date":"2026-08-20T12:16:58","date_gmt":"2026-08-20T12:16:58","guid":{"rendered":"https:\/\/lelocaldesautrices.fr\/?page_id=2822"},"modified":"2026-08-27T15:47:09","modified_gmt":"2026-08-27T15:47:09","slug":"mentions-legales","status":"publish","type":"page","link":"https:\/\/lelocaldesautrices.fr\/index.php\/mentions-legales\/","title":{"rendered":"Mentions l\u00e9gales"},"content":{"rendered":"\t\t<div data-elementor-type=\"wp-page\" data-elementor-id=\"2822\" class=\"elementor elementor-2822\">\n\t\t\t\t<div class=\"elementor-element elementor-element-0d65af9 e-flex e-con-boxed e-con e-parent\" data-id=\"0d65af9\" data-element_type=\"container\" data-e-type=\"container\">\n\t\t\t\t\t<div class=\"e-con-inner\">\n\t\t\t\t<div class=\"elementor-element elementor-element-98d5328 elementor-widget elementor-widget-heading\" data-id=\"98d5328\" data-element_type=\"widget\" data-e-type=\"widget\" data-widget_type=\"heading.default\">\n\t\t\t\t\t<h2 class=\"elementor-heading-title elementor-size-default\">Mentions l\u00e9gales et politique de confidentialit\u00e9<\/h2>\t\t\t\t<\/div>\n\t\t<div class=\"elementor-element elementor-element-7af546a e-con-full e-flex e-con e-child\" data-id=\"7af546a\" data-element_type=\"container\" data-e-type=\"container\">\n\t\t\t\t<div class=\"elementor-element elementor-element-a6a868c elementor-widget elementor-widget-text-editor\" data-id=\"a6a868c\" data-element_type=\"widget\" data-e-type=\"widget\" data-widget_type=\"text-editor.default\">\n\t\t\t\t\t\t\t\t\t<p class=\"p1\"><span class=\"s1\"><b>Pr\u00e9ambule<\/b><\/span><span class=\"s2\"><b><br \/><\/b><\/span><span class=\"s1\">Le pr\u00e9sent site est \u00e9dit\u00e9 par Le Local des Autrices \u2013 \u00a018 Rue de l\u2019Orillon, 75011 Paris<\/span><span class=\"s2\"><br \/><\/span><span class=\"s1\">T\u00e9l\u00e9phone : 01 46 36 11 89<\/span><\/p><p class=\"p1\"><span class=\"s1\">Le Local des Autrices s\u2019efforce d\u2019assurer au mieux de ses possibilit\u00e9s, l\u2019exactitude et la mise \u00e0 jour des informations diffus\u00e9es sur ce site, dont elle se r\u00e9serve le droit de corriger, \u00e0 tout moment et sans pr\u00e9avis, le contenu. Toutefois, Le Local des Autrices ne peut garantir l\u2019exactitude, la pr\u00e9cision ou l\u2019exhaustivit\u00e9 des informations mises \u00e0 la disposition sur ce site. En cons\u00e9quence la Le Local des Autrices d\u00e9cline toute responsabilit\u00e9 pour toute interruption du site, probl\u00e8mes techniques, pour toute inexactitude ou omission sur des informations disponibles sur le site, pour tous dommages r\u00e9sultant d\u2019une intrusion frauduleuse d\u2019un tiers ayant entra\u00een\u00e9 une modification des informations mises \u00e0 la disposition sur le site.<\/span><\/p><p class=\"p1\"><span class=\"s1\"><b>H\u00e9bergement du site internet<\/b><\/span><span class=\"s2\"><b><br \/><\/b><\/span><span class=\"s1\">Le site est h\u00e9berg\u00e9 par la soci\u00e9t\u00e9 OVH \u2013 2 rue Kellermann 59100 Roubaix (France)<\/span><\/p><p class=\"p1\"><span class=\"s1\"><b>R\u00e9alisation<\/b><\/span><span class=\"s2\"><b><br \/><\/b><\/span><span class=\"s1\">Cr\u00e9ation graphique, conception et r\u00e9alisation : <a href=\"https:\/\/stephaniedesjeunes.com\/\" target=\"_blank\" rel=\"noopener\"><b>St\u00e9phanie Desjeunes<\/b><\/a><\/span><\/p><p class=\"p1\"><span class=\"s1\"><b>Propri\u00e9t\u00e9 intellectuelle<\/b><\/span><span class=\"s2\"><b><br \/><\/b><\/span><span class=\"s1\">La reproduction de tous documents publi\u00e9s sur le pr\u00e9sent site est seulement autoris\u00e9e aux fins exclusives d\u2019information pour un usage personnel et priv\u00e9, toute reproduction et toute utilisation de copies r\u00e9alis\u00e9es \u00e0 d\u2019autres fins \u00e9tant express\u00e9ment interdites.<\/span><span class=\"s2\"><br \/><\/span><span class=\"s1\">Tous les articles, photographies et autres documents sur ce site sont la propri\u00e9t\u00e9 du Local des Autrices, ou sont diffus\u00e9s avec l\u2019autorisation de leurs propri\u00e9taires, et sont soumis aux droits d\u2019auteurs et autres droits de propri\u00e9t\u00e9 intellectuelle.<\/span><span class=\"s2\"><br \/><\/span><span class=\"s1\">Les marques de commerce, logos, mod\u00e8les pr\u00e9sents sur ce site appartiennent au Local des Autrices ou leurs propri\u00e9taires respectifs. Aucune interpr\u00e9tation ne peut \u00eatre faite en faveur d\u2019une licence d\u2019utilisation ou d\u2019un quelconque droit d\u2019utiliser la marque affich\u00e9e sur le site Internet. L\u2019utilisation frauduleuse de la marque ou de tout autre contenu du site internet est totalement interdite. Il est notamment interdit de copier, reproduire, repr\u00e9senter, modifier et\/ou exploiter, de quelque fa\u00e7on que ce soit et \u00e0 quelque fin que ce soit, tout ou partie de la structure et du contenu du pr\u00e9sent site.<\/span><span class=\"s2\"><br \/><\/span><span class=\"s1\">Local des Autrices vous informe qu\u2019elle usera largement de ses droits de propri\u00e9t\u00e9 intellectuelle pour engager des poursuites si n\u00e9cessaires.<\/span><\/p><p class=\"p1\"><span class=\"s1\"><b>Politique de confidentialit\u00e9<\/b><\/span><span class=\"s2\"><b><br \/><\/b><\/span><span class=\"s1\">Conform\u00e9ment \u00e0 la Loi n\u00b078-17 relative \u00e0 l\u2019informatique, aux fichiers et aux libert\u00e9s du 6 janvier 1978, vous disposez d\u2019un droit d\u2019acc\u00e8s, de rectification et de suppression des donn\u00e9es personnelles que vous nous avez communiqu\u00e9es.<\/span><span class=\"s2\"><br \/><\/span><span class=\"s1\">Pour exercer ce droit, envoyer un courrier \u00e0 <a href=\"mailto:lelocaldesautrices@gmail.com\">lelocaldesautrices@gmail.com<\/a><\/span><\/p><p class=\"p1\"><span class=\"s1\">Vous avez la possibilit\u00e9 de limiter l\u2019utilisation de vos donn\u00e9es personnelles et de pr\u00e9voir des directives concernant leur sort en cas de d\u00e9c\u00e8s, et disposez d\u2019un droit \u00e0 la portabilit\u00e9 de ces donn\u00e9es, conform\u00e9ment \u00e0 la nouvelle r\u00e8glementation issue du R\u00e8glement (UE) 2016\/679 du 27\/04\/2016.<\/span><\/p><p class=\"p1\"><span class=\"s1\">Conform\u00e9ment \u00e0 la loi LCEN du 21\/06\/2004 pour la confiance dans l\u2019\u00e9conomie num\u00e9rique, vous avez la possibilit\u00e9 de vous opposer \u00e0 la r\u00e9ception de messages \u00e9lectroniques d\u2019informations et\/ou d\u2019offres commerciales.\u00a0<\/span><\/p><p class=\"p1\"><span class=\"s1\"><b>Quelles sont les finalit\u00e9s de traitement de mes donn\u00e9es personnelles par Le Local des Autrices ?<\/b><\/span><span class=\"s2\"><b><br \/><\/b><\/span><span class=\"s1\">Les donn\u00e9es collect\u00e9es \u00e0 l\u2019occasion de l\u2019achat de vos places nous permettront de vous faire b\u00e9n\u00e9ficier de nos offres et avantages, et serviront \u00e0 la commande et \u00e0 l\u2019envoi de vos places de spectacle ou de visite. Vos donn\u00e9es \u00e0 caract\u00e8re personnel pourront faire l\u2019objet d\u2019un traitement automatis\u00e9 ou profilage dans le cadre de notre politique de marketing, afin de vous faire b\u00e9n\u00e9ficier d\u2019offres et avantages. Ces donn\u00e9es seront conserv\u00e9es par nos services pour toute la dur\u00e9e de la relation commerciale.<\/span><\/p><p class=\"p1\"><span class=\"s1\"><b>Quels sont mes recours en cas de r\u00e9clamation ?<\/b><\/span><span class=\"s2\"><b><br \/><\/b><\/span><span class=\"s1\">En cas de violation de droits constat\u00e9e dans le traitement de vos donn\u00e9es personnelles, vous pouvez introduire une r\u00e9clamation aupr\u00e8s de la Commission nationale de l\u2019informatique et des libert\u00e9s (CNIL).<br \/><br \/><\/span>Association Arts et Cit\u00e9s &#8211; 6, rue George Sand, 92160 Antony &#8211; <a href=\"mailto:artsetcites@gmail.com\"><span class=\"s2\">artsetcites@gmail.com<\/span><\/a><\/p><p class=\"p1\"><span class=\"s1\">\u00a0<\/span><\/p>\t\t\t\t\t\t\t\t<\/div>\n\t\t\t\t<\/div>\n\t\t\t\t\t<\/div>\n\t\t\t\t<\/div>\n\t\t<div class=\"elementor-element elementor-element-b8eb5ab e-flex e-con-boxed e-con e-parent\" data-id=\"b8eb5ab\" data-element_type=\"container\" data-e-type=\"container\">\n\t\t\t\t\t<div class=\"e-con-inner\">\n\t\t\t\t<div class=\"elementor-element elementor-element-6e798aa elementor-widget elementor-widget-spacer\" data-id=\"6e798aa\" data-element_type=\"widget\" data-e-type=\"widget\" data-widget_type=\"spacer.default\">\n\t\t\t\t\t\t\t<div class=\"elementor-spacer\">\n\t\t\t<div class=\"elementor-spacer-inner\"><\/div>\n\t\t<\/div>\n\t\t\t\t\t\t<\/div>\n\t\t\t\t\t<\/div>\n\t\t\t\t<\/div>\n\t\t\t\t<\/div>\n\t\t","protected":false},"excerpt":{"rendered":"<p>Mentions l\u00e9gales et politique de confidentialit\u00e9 Pr\u00e9ambuleLe pr\u00e9sent site est \u00e9dit\u00e9 par Le Local des Autrices \u2013 \u00a018 Rue de l\u2019Orillon, 75011 ParisT\u00e9l\u00e9phone : 01 46 36 11 89 Le Local des Autrices s\u2019efforce d\u2019assurer au mieux de ses possibilit\u00e9s, l\u2019exactitude et la mise \u00e0 jour des informations diffus\u00e9es sur ce site, dont elle se [&hellip;]<\/p>\n","protected":false},"author":1,"featured_media":0,"parent":0,"menu_order":0,"comment_status":"closed","ping_status":"closed","template":"elementor_header_footer","meta":{"footnotes":""},"class_list":["post-2822","page","type-page","status-publish","hentry"],"_links":{"self":[{"href":"https:\/\/lelocaldesautrices.fr\/index.php\/wp-json\/wp\/v2\/pages\/2822","targetHints":{"allow":["GET"]}}],"collection":[{"href":"https:\/\/lelocaldesautrices.fr\/index.php\/wp-json\/wp\/v2\/pages"}],"about":[{"href":"https:\/\/lelocaldesautrices.fr\/index.php\/wp-json\/wp\/v2\/types\/page"}],"author":[{"embeddable":true,"href":"https:\/\/lelocaldesautrices.fr\/index.php\/wp-json\/wp\/v2\/users\/1"}],"replies":[{"embeddable":true,"href":"https:\/\/lelocaldesautrices.fr\/index.php\/wp-json\/wp\/v2\/comments?post=2822"}],"version-history":[{"count":16,"href":"https:\/\/lelocaldesautrices.fr\/index.php\/wp-json\/wp\/v2\/pages\/2822\/revisions"}],"predecessor-version":[{"id":2928,"href":"https:\/\/lelocaldesautrices.fr\/index.php\/wp-json\/wp\/v2\/pages\/2822\/revisions\/2928"}],"wp:attachment":[{"href":"https:\/\/lelocaldesautrices.fr\/index.php\/wp-json\/wp\/v2\/media?parent=2822"}],"curies":[{"name":"wp","href":"https:\/\/api.w.org\/{rel}","templated":true}]}}

Mentions légales

<div data-elementor-type="wp-page" data-elementor-id="2822" class="elementor elementor-2822">
				<div class="elementor-element elementor-element-0d65af9 e-flex e-con-boxed e-con e-parent" data-id="0d65af9" data-element_type="container" data-e-type="container">
					<div class="e-con-inner">
				<div class="elementor-element elementor-element-98d5328 elementor-widget elementor-widget-heading" data-id="98d5328" data-element_type="widget" data-e-type="widget" data-widget_type="heading.default">
					<h2 class="elementor-heading-title elementor-size-default">Mentions légales et politique de confidentialité</h2>				</div>
		<div class="elementor-element elementor-element-7af546a e-con-full e-flex e-con e-child" data-id="7af546a" data-element_type="container" data-e-type="container">
				<div class="elementor-element elementor-element-a6a868c elementor-widget elementor-widget-text-editor" data-id="a6a868c" data-element_type="widget" data-e-type="widget" data-widget_type="text-editor.default">
									<p class="p1"><span class="s1"><b>Préambule</b></span><span class="s2"><b><br /></b></span><span class="s1">Le présent site est édité par Le Local des Autrices –  18 Rue de l’Orillon, 75011 Paris</span><span class="s2"><br /></span><span class="s1">Téléphone : 01 46 36 11 89</span></p><p class="p1"><span class="s1">Le Local des Autrices s’efforce d’assurer au mieux de ses possibilités, l’exactitude et la mise à jour des informations diffusées sur ce site, dont elle se réserve le droit de corriger, à tout moment et sans préavis, le contenu. Toutefois, Le Local des Autrices ne peut garantir l’exactitude, la précision ou l’exhaustivité des informations mises à la disposition sur ce site. En conséquence la Le Local des Autrices décline toute responsabilité pour toute interruption du site, problèmes techniques, pour toute inexactitude ou omission sur des informations disponibles sur le site, pour tous dommages résultant d’une intrusion frauduleuse d’un tiers ayant entraîné une modification des informations mises à la disposition sur le site.</span></p><p class="p1"><span class="s1"><b>Hébergement du site internet</b></span><span class="s2"><b><br /></b></span><span class="s1">Le site est hébergé par la société OVH – 2 rue Kellermann 59100 Roubaix (France)</span></p><p class="p1"><span class="s1"><b>Réalisation</b></span><span class="s2"><b><br /></b></span><span class="s1">Création graphique, conception et réalisation : <a href="https://stephaniedesjeunes.com/" target="_blank" rel="noopener"><b>Stéphanie Desjeunes</b></a></span></p><p class="p1"><span class="s1"><b>Propriété intellectuelle</b></span><span class="s2"><b><br /></b></span><span class="s1">La reproduction de tous documents publiés sur le présent site est seulement autorisée aux fins exclusives d’information pour un usage personnel et privé, toute reproduction et toute utilisation de copies réalisées à d’autres fins étant expressément interdites.</span><span class="s2"><br /></span><span class="s1">Tous les articles, photographies et autres documents sur ce site sont la propriété du Local des Autrices, ou sont diffusés avec l’autorisation de leurs propriétaires, et sont soumis aux droits d’auteurs et autres droits de propriété intellectuelle.</span><span class="s2"><br /></span><span class="s1">Les marques de commerce, logos, modèles présents sur ce site appartiennent au Local des Autrices ou leurs propriétaires respectifs. Aucune interprétation ne peut être faite en faveur d’une licence d’utilisation ou d’un quelconque droit d’utiliser la marque affichée sur le site Internet. L’utilisation frauduleuse de la marque ou de tout autre contenu du site internet est totalement interdite. Il est notamment interdit de copier, reproduire, représenter, modifier et/ou exploiter, de quelque façon que ce soit et à quelque fin que ce soit, tout ou partie de la structure et du contenu du présent site.</span><span class="s2"><br /></span><span class="s1">Local des Autrices vous informe qu’elle usera largement de ses droits de propriété intellectuelle pour engager des poursuites si nécessaires.</span></p><p class="p1"><span class="s1"><b>Politique de confidentialité</b></span><span class="s2"><b><br /></b></span><span class="s1">Conformément à la Loi n°78-17 relative à l’informatique, aux fichiers et aux libertés du 6 janvier 1978, vous disposez d’un droit d’accès, de rectification et de suppression des données personnelles que vous nous avez communiquées.</span><span class="s2"><br /></span><span class="s1">Pour exercer ce droit, envoyer un courrier à <a href="mailto:lelocaldesautrices@gmail.com">lelocaldesautrices@gmail.com</a></span></p><p class="p1"><span class="s1">Vous avez la possibilité de limiter l’utilisation de vos données personnelles et de prévoir des directives concernant leur sort en cas de décès, et disposez d’un droit à la portabilité de ces données, conformément à la nouvelle règlementation issue du Règlement (UE) 2016/679 du 27/04/2016.</span></p><p class="p1"><span class="s1">Conformément à la loi LCEN du 21/06/2004 pour la confiance dans l’économie numérique, vous avez la possibilité de vous opposer à la réception de messages électroniques d’informations et/ou d’offres commerciales. </span></p><p class="p1"><span class="s1"><b>Quelles sont les finalités de traitement de mes données personnelles par Le Local des Autrices ?</b></span><span class="s2"><b><br /></b></span><span class="s1">Les données collectées à l’occasion de l’achat de vos places nous permettront de vous faire bénéficier de nos offres et avantages, et serviront à la commande et à l’envoi de vos places de spectacle ou de visite. Vos données à caractère personnel pourront faire l’objet d’un traitement automatisé ou profilage dans le cadre de notre politique de marketing, afin de vous faire bénéficier d’offres et avantages. Ces données seront conservées par nos services pour toute la durée de la relation commerciale.</span></p><p class="p1"><span class="s1"><b>Quels sont mes recours en cas de réclamation ?</b></span><span class="s2"><b><br /></b></span><span class="s1">En cas de violation de droits constatée dans le traitement de vos données personnelles, vous pouvez introduire une réclamation auprès de la Commission nationale de l’informatique et des libertés (CNIL).<br /><br /></span>Association Arts et Cités &#8211; 6, rue George Sand, 92160 Antony &#8211; <a href="mailto:artsetcites@gmail.com"><span class="s2">artsetcites@gmail.com</span></a></p><p class="p1"><span class="s1"> </span></p>								</div>
				</div>
					</div>
				</div>
		<div class="elementor-element elementor-element-b8eb5ab e-flex e-con-boxed e-con e-parent" data-id="b8eb5ab" data-element_type="container" data-e-type="container">
					<div class="e-con-inner">
				<div class="elementor-element elementor-element-6e798aa elementor-widget elementor-widget-spacer" data-id="6e798aa" data-element_type="widget" data-e-type="widget" data-widget_type="spacer.default">
							<div class="elementor-spacer">
			<div class="elementor-spacer-inner"></div>
		</div>
						</div>
					</div>
				</div>
				</div>

<p>Mentions légales et politique de confidentialité PréambuleLe présent site est édité par Le Local des Autrices –  18 Rue de l’Orillon, 75011 ParisTéléphone : 01 46 36 11 89 Le Local des Autrices s’efforce d’assurer au mieux de ses possibilités, l’exactitude et la mise à jour des informations diffusées sur ce site, dont elle se [&hellip;]</p>
